(-20)*(-6 + 2). Let v be (108/14)/(l/(-196)). Calculate the greatest common divisor of 48 and v.
24
Let q be (-48)/(-8) + (657 - (3 + -3)). Calculate the highest common factor of 51 and q.
51
Let n = 550 + -460. Calculate the greatest common factor of n and 81.
9
Let y(m) = -m**3 + 7*m**2 - 2*m + 4. Let o be y(6). Let x be (-288)/(-6) + (0 - 0). Suppose x = 2*b - o. Calculate the highest common divisor of b and 19.
19
Suppose 0 = -3*c - 3*l + 104 + 16, -2*c - l = -83. Suppose 2*h - 4*b - c - 63 = 0, -5*b + 18 = h. What is the greatest common factor of h and 301?
43
Let b = -59 - -60. Let l(d) = 4*d**2 + 1. Let u be l(b). Calculate the highest common divisor of u and 115.
5
Let t = 27 - 44. Let m = t - -30. Let j(p) = -p**3 - 2*p**2 - 2*p - 1. Let u be j(-4). What is the highest common factor of m and u?
13
Suppose r = 8 - 5. Suppose 4*o + 3*t + 44 = -2*t, r*t = 3*o + 6. Let k be (8/(-12))/(o/9). Calculate the greatest common divisor of k and 7.
1
Suppose 4*z + 14 + 14 = 0. Let k(m) = m**2 + 5*m + 4. Let n be k(z). Let v be 0 + 1 + (30 - 4). What is the highest common factor of n and v?
9
Let f be (0 - (5 + -2))*2. Let q(u) = -2*u. Let r be q(f). Suppose -4*b - 3*x = b - 75, 4*b - 3*x = 33. Calculate the highest common factor of b and r.
12
Let a = 385 - 365. What is the greatest common divisor of 32 and a?
4
Suppose -66*q + 3999 = 369. Let h be (-2)/3 - 2/6. Let z be 12 + h + 0/(-4). What is the greatest common factor of z and q?
11
Let r(o) = 10 - 8 + o**3 - 6*o**2 + 15 - 3 - 6*o. Let u be r(7). Calculate the greatest common factor of 42 and u.
21
Suppose -4*n = -12*n + 1184. What is the highest common factor of 185 and n?
37
Let m be -1 + 0 + (-5 - (-4 - 60)). Let s = m - 30. Calculate the highest common factor of 252 and s.
28
Suppose -3*o + 2*w = -484, -3*o = w - 134 - 353. Calculate the greatest common divisor of o and 6.
6
Let m = 522 - 297. What is the greatest common divisor of 45 and m?
45
Let k(y) = y**3 + 33*y**2 - 54*y - 119. Let f be k(-34). Calculate the greatest common factor of f and 33.
33
Suppose 44 = 5*u + 14. Suppose -15*f + 10 = -10*f. Calculate the greatest common factor of f and u.
2
Let n = 244 + -183. What is the highest common factor of n and 305?
61
Let b = 56 - 27. Suppose 32*f - 126 = b*f. Calculate the greatest common divisor of f and 6.
6
Let r(v) be the first derivative of 7*v**3/3 - 3*v**2/2 - 2*v + 7. Let a be r(-1). Suppose 0 = i - 15 - 1. What is the highest common divisor of a and i?
8
Let n = -34 + 37. Suppose 0 = n*r + 3*w - 168, 4*r + 10 - 226 = -2*w. Calculate the highest common divisor of 13 and r.
13
Let t(k) = -7*k + k - k - 5*k + 1. Let z be t(-4). Calculate the highest common factor of z and 7.
7
Let k be (-174)/609 - 37/(-7). Calculate the highest common factor of 3 and k.
1
Let y = -43 + 48. Let m(s) = 11*s**2 - 4*s + 4. Let a be m(y). Calculate the greatest common divisor of a and 37.
37
Let v = -76 - -131. Let z(b) = b**3 + 15*b**2 + 11*b - 20. Let g be z(-14). What is the highest common divisor of v and g?
11
Suppose -182 = 2*w - 308. Calculate the greatest common divisor of 36 and w.
9
Suppose -5*m - 21 = 4, -42 = -4*b + 2*m. What is the greatest common divisor of 328 and b?
8
Suppose 5*f - 2378 = -3*r, -4 = -r - 3. What is the highest common factor of f and 100?
25
Let j(c) = -6*c - 6. Let f be j(-1). Suppose n - 65 = 2*v, f = -6*n + 4*n - 3*v + 123. What is the greatest common factor of 189 and n?
63
Let x = -36 + 57. Suppose 3*f + 0*m - 44 = m, 3*f - 52 = 5*m. Calculate the greatest common factor of f and x.
7
Let k be (1 + -9)*3/6 + 46. What is the highest common factor of k and 6?
6
Suppose 3*y - 2*q = 32, 5*q - 22 = y - 2*y. Let r = 16 - -26. Suppose 4*f = -5*a + 6 + r, -4*f = 3*a - 24. What is the highest common divisor of a and y?
12
Suppose 5*c + 19*c = 480. What is the highest common factor of 460 and c?
20
Suppose f - q - 256 = 33, -5*f - 5*q + 1415 = 0. Calculate the highest common factor of f and 22.
22
Suppose 58*l + 924 = 65*l. What is the highest common factor of 12 and l?
12
Suppose 647 - 231 = 2*d. Calculate the highest common factor of 16 and d.
16
Let p(h) = -4*h**3 - 2*h**2 + 3*h + 2. Let l be p(-2). Suppose -4 = 5*q - 89. Let s = q + -7. What is the highest common divisor of l and s?
10
Let m be 86/(-12) - (-3)/18. Let h = m - -24. Suppose -223*t = -221*t - 238. What is the highest common divisor of h and t?
17
Suppose 210 = 3*w - 3*r, -6*r = -3*w - 5*r + 214. What is the greatest common factor of 96 and w?
24
Suppose 5*h = 2*n - 15, 3*n + 9*h = 4*h + 35. Suppose -14*x = -n*x - 76. Suppose v - x + 1 = 0. Calculate the greatest common divisor of v and 36.
18
Let s(c) = -c**3 + 2*c**2 + 9*c + 3. Let b be s(4). Suppose -b*p - 136 = -11*p. Calculate the greatest common factor of p and 170.
34
Suppose 2*s + 5*h - 62 = -2, -3*s - h + 90 = 0. Suppose 4*l + s - 110 = 0. Calculate the highest common divisor of 220 and l.
20
Let m(l) = -l**3 + 10*l**2 - 4*l - 15. Let r be m(4). What is the highest common factor of r and 20?
5
Let i be (-6 + (-320)/(-50))*40. Calculate the highest common divisor of i and 216.
8
Suppose -12*s + 642 + 786 = 0. Let g = 144 - s. What is the highest common factor of 5 and g?
5
Let v = 134 + -113. What is the highest common factor of v and 21?
21
Let p(x) = 4*x + 22. Let i be p(-7). Let h be (i*95/20)/(6/(-16)). Calculate the highest common divisor of h and 19.
19
Suppose 0 = 2*i + 25 + 41. Let q = i + 47. Calculate the highest common factor of q and 7.
7
Suppose 0 = -6*k - 4*n + 112, 3*k - 8*k + 4*n + 108 = 0. Calculate the greatest common factor of k and 1420.
20
Suppose -a = -2*s - 21, -4*a - 4*s + 26 = 2. Calculate the highest common divisor of 319 and a.
11
Let u(l) = 4*l + 48. Let f be u(0). What is the highest common factor of 8 and f?
8
Suppose 5*w + 0*w - 60 = 0. Suppose w = -r + 32. Calculate the highest common factor of r and 20.
20
Let m(v) = -v**2 - 17*v - 21. Let d be m(-12). Suppose -10*o + 13*o - d = 0. Calculate the greatest common factor of o and 39.
13
Suppose 2*f - 100 = 4*l, -5*l - 42 = -f - 7*l. What is the highest common divisor of f and 23?
23
Let d = -214 + 439. Let b = -105 + d. What is the greatest common divisor of 15 and b?
15
Suppose -5851 + 6522 = 11*t. What is the highest common factor of 2867 and t?
61
Let i(h) = 50*h**2 - 10*h + 7. Let x be i(4). What is the highest common divisor of x and 59?
59
Suppose -174*v + 10400 = -124*v. What is the highest common factor of 48 and v?
16
Suppose -2*x = 2*c - 10, 0 - 3 = -x + c. Let l = 53 + -94. Let g = 45 + l. Calculate the greatest common divisor of x and g.
4
Let o be (912 + -40)*((-9)/(-4) + 0). What is the highest common factor of 18 and o?
18
Suppose -2 = -3*z - 2*v - 4, -v = -5. Let m be 2 - (z + 0 - 0). Suppose 0 = -h - 2 + m. What is the highest common divisor of h and 20?
4
Let t = -700 - -1054. Let o = 208 - t. Let q = o - -226. Calculate the highest common factor of 10 and q.
10
Suppose 4*g = -0*g + 16. Suppose 0*k = -4*k + 5*m + 138, 166 = 5*k - 3*m. What is the greatest common factor of k and g?
4
Suppose 5*r + 12 = -4*m - 17, 5*m + 10 = -r. Let k be 0 - (1 - m) - -79. Suppose -60 = -5*t - 25. What is the highest common divisor of t and k?
7
Let q be 9*-15 - 1 - 2. Let d = q + 363. Calculate the highest common factor of d and 25.
25
Let w = 177 + -81. Suppose 0 = a + 30 - w. Calculate the greatest common factor of a and 6.
6
Suppose 4*h - 85 = -5*z, -134 = -5*h - z + 4*z. Let c(r) = -8*r - 9. Let n be c(-7). Suppose 6*w - h = n. Calculate the greatest common divisor of 12 and w.
12
Let n be (4 - 2)/(2/62). Let h be ((-6)/(-24)*-62)/(2/(-12)). Calculate the highest common divisor of n and h.
31
Suppose -2 = -2*n, -5*n + 129 = 2*r - 6*n. Calculate the greatest common factor of r and 5.
5
Let l = -241 - -465. Calculate the greatest common divisor of 28 and l.
28
Let a(c) = 3*c**2 - 33*c + 41. Let b be a(10). Calculate the highest common divisor of 341 and b.
11
Let y be ((-36)/24)/((-3)/(-116)). Let r = 448 + y. Suppose -5*q + 85 + r = -b, 263 = 3*q - 5*b. Calculate the greatest common divisor of 12 and q.
12
Let u = -38 - -41. Suppose -v + 2*v - b = 4, u*b + 2 = -2*v. Calculate the highest common factor of 8 and v.
2
Let l(d) = 62*d**2 + 96*d - 5. Let n be l(-2). 